w(a) = 3*a**2 - 10*a + 63. Let s = 14 - 7. Let n be w(s). Let f = -1 + n. What are the prime factors of f?
139
Let r(x) = 2655*x**2 - 39*x + 60. What are the prime factors of r(4)?
2, 3, 883
Let j be (-1 - (-30)/5)*1*-11. Let w(z) = -37*z**2 + z. Let f be w(-1). Let a = f - j. List the prime factors of a.
17
Let p(c) = c**3 - 79*c**2 - 79*c + 261. List the prime factors of p(80).
11, 31
Let n(u) = -19*u**3 + 17*u**2 - 20*u + 28. Let j(r) = -16*r**3 + 17*r**2 - 22*r + 29. Let s(g) = 6*j(g) - 5*n(g). What are the prime factors of s(14)?
2, 3, 29
Suppose -6*a + 38184 = y - 88367, 4*a = 2*y + 84354. What are the prime factors of a?
7, 23, 131
Let y be (-663)/91 - 4/(-14). Let j(o) = -2*o - 17*o + 74 - 89 + 4*o. What are the prime factors of j(y)?
2, 3, 5
Suppose 0 = -28*i + 16*i - 36. Let l = -54 + 68. List the prime factors of (-28)/l - 50*i.
2, 37
Let m(b) be the second derivative of 5*b**4/12 + 2*b**3 + 6*b**2 + 81*b. Suppose -6*y + 3*y + 3*s - 12 = 0, 4*y + 20 = 3*s. What are the prime factors of m(y)?
2, 59
Let a(u) = 3380*u**2 + 95*u + 318. What are the prime factors of a(-3)?
3, 10151
Suppose 3*b - 3*c + 4*c - 387 = 0, -3*b = -4*c - 372. Let u = b - -469. What are the prime factors of u?
3, 199
Suppose -230 = 10*b - 70. List the prime factors of (-644)/b - (-3)/(-12).
2, 5
List the prime factors of (-8)/((2 + 55878/(-27940))/((-205)/820)).
2, 5, 11, 127
Suppose l + 60587 = 2*k, 4*l + 5568 = k - 24736. What are the prime factors of k?
2, 7573
Let n(x) be the third derivative of -11*x**4/24 + 299*x**3/6 - 101*x**2. What are the prime factors of n(-20)?
3, 173
List the prime factors of 5 + 10049 + (-2)/(-6)*(20 + -2).
2, 5, 503
Suppose 3*s + 132 - 1137 = -4*t, -3*t = s - 755. Suppose -107*k + 106*k = -t. What are the prime factors of k?
2, 3, 7
Let l(n) = -177*n - 84. Let s be l(-6). Let i = s + -285. List the prime factors of i.
3, 7, 11
Let c(r) = -367*r + 6. Let x(n) = 4*n - 37. Let d be x(9). List the prime factors of c(d).
373
Suppose 3*s + 6*w = 132648, 260*s + 220982 = 265*s - 4*w. What are the prime factors of s?
2, 3, 53, 139
Suppose -848 = 1435*d - 1419*d. Suppose -229 = 2*n - 0*s - 5*s, s = 2*n + 209. Let y = d - n. What are the prime factors of y?
7
Suppose -2*q = -4*t + 2606, -5*t + q + 2*q + 3257 = 0. Suppose i + 5*h + 0*h - t = 0, 3*i = 4*h + 2013. What are the prime factors of i?
23, 29
Let v(b) = b**3 + 5*b**2 - 7*b - 2. Let w(x) = -x**3 - 3*x**2 + 2*x. Let d be w(-3). Let h be v(d). List the prime factors of 3*(-52)/(-6) - h.
2, 11
Suppose 3*g - 251 = 5*j, -79 = 12*g - 13*g + 4*j. Suppose 298 = 2*r - 0*r. Let t = r - g. List the prime factors of t.
2, 31
Suppose -3*v = -j + 5980, -7*j + 5*v - 11927 = -9*j. List the prime factors of j.
7, 853
Let b = -600 + 598. What are the prime factors of (-5)/10 + (-2367)/b?
7, 13
Suppose -5075*u + 5089*u - 818244 = 0. List the prime factors of u.
2, 3, 17, 191
Suppose -3*a - 2*a - 240 = 0. Let z = -72 - a. Let x = 96 + z. List the prime factors of x.
2, 3
Let w = 166 - 164. Suppose -3*t - 1977 = -w*v - 6*t, -2961 = -3*v - 3*t. What are the prime factors of v?
2, 3, 41
Let k = 690 + -440. Suppose -3*u + 335 = -k. List the prime factors of u.
3, 5, 13
Suppose -12*p - 3*g = -16*p + 14684, -3*p - 5*g = -10984. List the prime factors of p.
2, 7, 131
Let s(t) = 1529*t**3 + 14*t**2 - 21*t + 17. List the prime factors of s(3).
7, 19, 311
Suppose 2*v + 3*n - 32521 = 0, 68*v - n + 65037 = 72*v. What are the prime factors of v?
71, 229
Let r(d) = d**2 - 5*d - 32. Let v(x) = 11*x - 26. Let i be v(4). What are the prime factors of r(i)?
2, 101
List the prime factors of (9/(-6))/((-35483)/(-7098) - 5).
3, 13
Let t(u) = u**3 - 6*u**2 + u + 3. Let l be t(6). Suppose 5*b + 14*b - 5510 = 0. Suppose b = l*m + m. List the prime factors of m.
29
Suppose 4*k + 3*h - 13151 - 23465 = 0, 0 = 2*k + 2*h - 18310. List the prime factors of k.
9151
Suppose 20 = 2*j + 4*p, 3*p - 5*p - 74 = -5*j. Suppose j*z = 7*z + 917. What are the prime factors of z?
131
Let n be ((-52)/6 + (0 - -2))*-3. Suppose -11*l = -16*l + n. Suppose -5*j + 0*q - 4*q + 565 = 0, 339 = 3*j - l*q. What are the prime factors of j?
113
Let l(w) = 18*w - 7. Let y be l(26). Let j = -147 - -377. Let d = y - j. List the prime factors of d.
3, 7, 11
Suppose 29*a - 918608 = -291628. Suppose -8*n - 38*n + a = 0. What are the prime factors of n?
2, 5, 47
List the prime factors of -4 + 14441/13 - 8/(-52).
3, 41
Let k(r) = 229*r - 1183. What are the prime factors of k(7)?
2, 3, 5, 7
Let t = 134 - 129. Suppose 5*q - 2*h = 2446, -4*q + 1313 + 654 = -t*h. What are the prime factors of q?
2, 61
Let q be (((-516)/24)/1)/(1/(-38)). Let y = q + -316. List the prime factors of y.
3, 167
Let i(g) = 610*g - 1489. What are the prime factors of i(31)?
3, 5807
Let j(k) = k**2 - 4*k + 6. Let x be j(2). Suppose -162 = -r + x*i, 5*r = -5*i - 168 + 918. List the prime factors of r.
2, 7, 11
Let u = -159 - -791. Let p = 938 - u. What are the prime factors of p?
2, 3, 17
Suppose z = 5 + 3. Suppose 45*k = 49*k - z. Suppose 0 = -4*y + 4*l + 312, k*y - 76 - 76 = 4*l. List the prime factors of y.
2, 5
Let j = 2 - -69. Let t = 552 - 486. Let o = j + t. List the prime factors of o.
137
Let m(j) = 315*j + 42. Suppose 14*q - 26 - 44 = 0. List the prime factors of m(q).
3, 7, 11
Suppose 0 = -5*j - 0*s - 4*s - 62, j - 3*s = -20. Let z(u) = -120*u + 101. List the prime factors of z(j).
13, 137
Let w = -2035 + 3537. List the prime factors of w.
2, 751
Let b be (-10 + -4)*3/(-6). Let i(m) = 86*m - 88. What are the prime factors of i(b)?
2, 257
Suppose -32*p + 41285 - 13573 = 0. Let k = p - -1029. What are the prime factors of k?
5, 379
Let n(m) = m**2 - 17*m - 33. Let a be n(-2). Suppose 381 = 2*i + 43*s - 38*s, 0 = a*i - 4*s - 936. What are the prime factors of i?
2, 47
What are the prime factors of ((-1003)/85)/((-5)/2650)?
2, 53, 59
Suppose 0 = -4*a + 7*f + 8151, -4*f + 0*f = a - 2032. Suppose -3789 = -3*k + 5*u, 4*k - 3*u - 3005 - a = 0. List the prime factors of k.
2, 17, 37
Suppose 2*v + 5*y - 66 = 0, -v + 3 + 29 = 2*y. Suppose 2*l + 3*h = h + v, -2*l = 5*h - 43. Suppose t = l*t - 2192. List the prime factors of t.
2, 137
Suppose -24*t + 8631 = -3*t. List the prime factors of t + 8 - (4 - -2).
7, 59
Let h = 178 - 34. Let r(j) = -3*j**2 - 44*j + 374. Let o be r(6). Suppose -2*u + h = f - 169, 0 = u + o*f - 158. What are the prime factors of u?
2, 3, 13
What are the prime factors of (2 + 48/24)/((-2)/(-329))?
2, 7, 47
Suppose 5*r + 114 = 3*a, -3*a - 10 = 2*a. Let p = r + 17. Let f(s) = 3*s**2 + 16*s + 7. What are the prime factors of f(p)?
2, 3, 7
Let q(r) = -215*r - 1. Let c be q(-1). Suppose -5*s = 2*w - 211, -2*s - 3*w + c = 3*s. Let k = -24 + s. What are the prime factors of k?
17
Let j = 657 + -650. List the prime factors of (-38)/5 + j - 3543/(-5).
2, 3, 59
Suppose -3*x + 108995 + 41468 = 4*h, -75245 = -2*h + 3*x. What are the prime factors of h?
2, 7, 2687
Let d be (-22900)/40*(-4)/5*1. Let a = d - 225. List the prime factors of a.
233
Suppose 42 = -119*o + 113*o. Let c(n) = 5*n**2 + 4*n - 13. What are the prime factors of c(o)?
2, 3, 17
Let r(p) = 957*p - 576. List the prime factors of r(8).
2, 3, 5, 59
Let x(h) = -3*h + 0*h + 9 - 3 + 3*h**2 - 3*h. List the prime factors of x(-6).
2, 3, 5
List the prime factors of 4227 + 0 - ((-5)/(-3) - 72/27).
2, 7, 151
Suppose -16*q + 119311 + 235521 = 0. What are the prime factors of q?
67, 331
Let h = 4291 - 2492. Suppose -5*k - w - h + 6705 = 0, 4*k - 3923 = w. List the prime factors of k.
3, 109
Suppose 2462*g + 182305 = 2472*g - 96615. What are the prime factors of g?
2, 19, 367
Suppose -6 + 16 = 5*z. List the prime factors of (5 + z + -5)*410.
2, 5, 41
Let o be 3/(-6) + (-42)/(-4). Suppose -14 + o = -4*g. List the prime factors of (3 + g)*(-837)/(-36).
3, 31
Let i(o) = -7 - 497*o**3 - 2 + 8*o**2 - 5*o**2 - o + 6. List the prime factors of i(-1).
2, 3, 83
Suppose 11*z - 4*z = -728. What are the prime factors of z/(-78)*3*223?
2, 223
Let b(u) = -u**3 + 7*u**2 - 14*u + 8. Let n be b(5). List the prime factors of (n/8)/(-2 + (-1156)/(-584)).
73
Let v(n) = 5*n**2 + n - 2. Let t(y) = -2*y - 30. Let d be t(-15). Suppose d = -7*q - 12 - 16. What are the prime factors of v(q)?
2, 37
Let f(p) = -13*p**3 + 84*p**2 - 31*p - 93. Let x(r) = 3*r**